d 440334?
18
What is the highest common divisor of 787 and 274663?
787
Calculate the greatest common factor of 749875 and 875.
875
Calculate the highest common factor of 18 and 487638.
18
What is the greatest common factor of 18325 and 865673?
733
What is the highest common divisor of 117 and 4524?
39
Calculate the greatest common divisor of 5664 and 18231.
177
Calculate the highest common factor of 6216 and 12728.
296
Calculate the greatest common divisor of 30400 and 300.
100
What is the highest common divisor of 63 and 5085?
9
What is the highest common factor of 95 and 590?
5
What is the highest common divisor of 266424 and 408?
408
Calculate the greatest common factor of 12606 and 132.
66
What is the highest common divisor of 20574 and 13824?
54
Calculate the greatest common divisor of 7 and 4708977.
7
Calculate the highest common factor of 2770 and 30110.
10
What is the greatest common factor of 997317 and 36?
9
Calculate the greatest common divisor of 25199 and 9153.
113
Calculate the greatest common factor of 15798 and 42.
6
What is the highest common divisor of 84 and 2487324?
84
What is the highest common factor of 8865 and 338840?
985
What is the highest common divisor of 144 and 8379?
9
What is the highest common factor of 152 and 4552?
8
Calculate the highest common divisor of 6825 and 3549.
273
Calculate the greatest common divisor of 799 and 400146.
17
Calculate the greatest common divisor of 84 and 3759.
21
What is the highest common factor of 1906 and 38?
2
What is the highest common divisor of 3480 and 3048?
24
What is the greatest common divisor of 2814 and 84?
42
Calculate the greatest common factor of 4355 and 161265.
65
What is the highest common factor of 653 and 5851533?
653
What is the greatest common factor of 12104 and 153?
17
Calculate the greatest common divisor of 8995 and 490.
35
Calculate the highest common divisor of 243 and 72.
9
What is the greatest common divisor of 16514 and 207?
23
Calculate the highest common divisor of 57743 and 452.
113
Calculate the greatest common divisor of 645 and 2760.
15
Calculate the greatest common factor of 117 and 201981.
39
Calculate the highest common divisor of 64872 and 264.
24
What is the highest common factor of 476070 and 6090?
210
Calculate the highest common factor of 368 and 196650.
46
What is the greatest common factor of 52815 and 42?
21
Calculate the highest common divisor of 55 and 1334036.
11
Calculate the highest common factor of 1344 and 19776.
192
Calculate the greatest common factor of 54249 and 14534.
169
What is the greatest common divisor of 103408 and 391?
23
Calculate the highest common factor of 44004 and 9728.
76
What is the greatest common factor of 1075 and 343785?
215
What is the greatest common divisor of 61632 and 864?
288
Calculate the highest common divisor of 3120 and 256295.
65
What is the greatest common divisor of 381 and 11303?
127
Calculate the highest common divisor of 42 and 3138.
6
Calculate the highest common divisor of 362164 and 352.
44
What is the greatest common factor of 15264 and 53?
53
What is the highest common factor of 31208 and 16?
8
Calculate the greatest common divisor of 184927 and 19.
19
Calculate the highest common divisor of 7 and 30590.
7
What is the highest common factor of 1368775 and 5?
5
What is the greatest common factor of 54 and 173313?
27
Calculate the highest common factor of 13912 and 1184.
296
What is the greatest common divisor of 28556 and 2124?
236
Calculate the greatest common factor of 408145 and 30.
5
What is the highest common divisor of 2872 and 671689?
359
Calculate the greatest common divisor of 1396035 and 54.
27
What is the highest common divisor of 3 and 1885749?
3
What is the greatest common divisor of 126860 and 370?
10
What is the highest common divisor of 94802 and 27466?
886
What is the greatest common factor of 52850 and 2450?
350
Calculate the greatest common factor of 1130985 and 9.
9
What is the highest common factor of 8376 and 2424?
24
What is the highest common divisor of 54438 and 258?
258
What is the highest common factor of 582 and 81286?
194
Calculate the greatest common divisor of 80 and 724288.
16
What is the highest common factor of 1719040 and 316?
316
What is the greatest common factor of 723534 and 294?
294
Calculate the greatest common divisor of 25 and 352525.
25
What is the highest common divisor of 106 and 1196687?
53
Calculate the highest common factor of 765 and 1231497.
153
Calculate the highest common factor of 184501 and 51.
17
Calculate the highest common divisor of 77160 and 8.
8
Calculate the highest common divisor of 17687 and 386807.
769
What is the greatest common factor of 141031 and 22?
11
What is the highest common factor of 34 and 1023094?
34
What is the highest common factor of 295512 and 273?
21
Calculate the greatest common factor of 77 and 31240.
11
What is the highest common factor of 4494 and 406?
14
Calculate the highest common factor of 125576 and 40.
8
What is the highest common factor of 48 and 1483792?
16
Calculate the greatest common divisor of 8550 and 12375.
225
Calculate the highest common factor of 957680 and 480.
80
What is the highest common divisor of 78105 and 27060?
615
Calculate the greatest common factor of 204 and 114512.
68
What is the greatest common divisor of 53340 and 36449?
889
What is the greatest common divisor of 2504334 and 21?
21
What is the highest common divisor of 5 and 2301335?
5
Calculate the highest common factor of 2604 and 784.
28
What is the greatest common factor of 455 and 22715?
35
What is the highest common factor of 1018080 and 90?
90
Calculate the highest common factor of 1141911 and 108.
27
Calculate the greatest common factor of 118310 and 40.
10
Calculate the highest common divisor of 9292 and 35754.
202
What is the highest common divisor of 3080714 and 364?
182
Calculate the greatest common factor of 30 and 223545.
15
What is the highest common factor of 58 and 912601?
29
Calculate the greatest common divisor of 565 and 1285.
5
Calculate the greatest common factor of 93646 and 266.
14
Calculate the highest common divisor of 1749 and 328971.
159
Calculate the greatest common divisor of 230 and 6946.
46
Calculate the greatest common factor of 184 and 64.
8
Calculate the greatest common divisor of 28 and 112966.
14
Calculate the greatest common factor of 6096 and 2928.
48
Calculate the greatest common divisor of 514 and 378047.
257
Calculate the greatest common divisor of 20 and 166175.
5
Calculate the greatest common factor of 318109 and 1195.
239
Calculate the greatest common divisor of 39 and 2483.
13
Calculate the greatest common divisor of 2010 and 2169594.
402
What is the highest common factor of 573 and 27?
3
Calculate the greatest common divisor of 84014 and 714.
238
Calculate the highest common factor of 18081 and 11809.
49
Calculate the highest common divisor of 2061500 and 196.
28
What is the greatest common divisor of 163628 and 1216?
76
What is the highest common factor of 49 and 20825?
49
Calculate the highest common factor of 7296 and 684.
228
What is the greatest common divisor of 1352 and 209248?
104
What is the highest common factor of 581199 and 453?
453
Calculate the greatest common factor of 891 and 63.
9
What is the greatest common factor of 108836 and 16?
4
What is the highest common divisor of 3730 and 3750?
10
Calculate the highest common factor of 944 and 10502.
118
Calculate the greatest common divisor of 136752 and 144.
48
What is the greatest common divisor of 1096 and 574852?
548
What is the greatest common factor of 1728 and 192672?
864
Calculate the greatest common factor of 974383 and 2.
1
Calculate the highest common divisor of 40 and 1320840.
40
What is the highest common factor of 969060 and 4030?
310
What is the highest common divisor of 1443 and 81003?
39
Calculate the highest common divisor of 1647 and 864.
27
Calculate the greatest common factor of 52 and 132509.
13
Calculate the highest common factor of 2328 and 2514531.
291
Calculate the highest common divisor of 4384454 and 248.
62
What is the greatest common divisor of 43 and 1605233?
43
What is the greatest common divisor of 260 and 193804?
52
Calculate the highest common factor of 51958 and 913.
83
What